{"id":882,"date":"2022-09-12T10:41:50","date_gmt":"2022-09-12T10:41:50","guid":{"rendered":"http:\/\/mspvps.edu.ba\/?page_id=882"},"modified":"2023-04-04T09:57:39","modified_gmt":"2023-04-04T07:57:39","slug":"prehrambeni-tehnicar","status":"publish","type":"page","link":"http:\/\/mspvps.edu.ba\/index.php\/prehrambeni-tehnicar\/","title":{"rendered":"Prehrambeni tehni\u010dar"},"content":{"rendered":"\n<p>Prehrambeni tehni\u010dari su osobe koje organizuju primanje, rukovanje, \u010duvanje sirovina i prehrambenih proizvoda, rukovode prehrambenu linije i rade u odgovaraju\u0107im nadzorno-analiti\u010dkim i razvojnim laboratorijima. Tokom \u0161kolovanja u\u010denici \u0107e nau\u010diti tehnolo\u0161ki proces prerade hrane, analizu kvaliteta namirnica, uticaj namirnica na zdravlje ljudi. Prakti\u010dan rad se obavlja u vlastitoj laboratoriji, \u0161kolskim radionicama (za preradu mlijeka, preradu mesa, radionica za proizvodnju pekarskih i konditorskih proizvoda) i prehrambenoj industriji. Prehrambeni tehni\u010dar se mo\u017ee zaposliti u prehrambenoj industriji i zanatstvu ili nastaviti \u0161kolovanje na fakultetu.<\/p>\n\n\n\n<figure class=\"wp-block-image aligncenter size-full\"><img fetchpriority=\"high\" decoding=\"async\" width=\"1000\" height=\"1000\" src=\"http:\/\/mspvps.edu.ba\/wp-content\/uploads\/2023\/04\/Image00001.jpg\" alt=\"\" class=\"wp-image-1666\" srcset=\"http:\/\/mspvps.edu.ba\/wp-content\/uploads\/2023\/04\/Image00001.jpg 1000w, http:\/\/mspvps.edu.ba\/wp-content\/uploads\/2023\/04\/Image00001-300x300.jpg 300w, http:\/\/mspvps.edu.ba\/wp-content\/uploads\/2023\/04\/Image00001-150x150.jpg 150w, http:\/\/mspvps.edu.ba\/wp-content\/uploads\/2023\/04\/Image00001-768x768.jpg 768w, http:\/\/mspvps.edu.ba\/wp-content\/uploads\/2023\/04\/Image00001-256x256.jpg 256w\" sizes=\"(max-width: 1000px) 100vw, 1000px\" \/><\/figure>\n","protected":false},"excerpt":{"rendered":"<p>Prehrambeni tehni\u010dari su osobe koje organizuju primanje, rukovanje, \u010duvanje sirovina i prehrambenih proizvoda, rukovode prehrambenu linije i rade u odgovaraju\u0107im nadzorno-analiti\u010dkim i razvojnim laboratorijima. Tokom \u0161kolovanja u\u010denici \u0107e nau\u010diti tehnolo\u0161ki proces prerade hrane, analizu kvaliteta namirnica, uticaj namirnica na zdravlje ljudi. Prakti\u010dan rad se obavlja u vlastitoj laboratoriji, \u0161kolskim radionicama (za preradu mlijeka, preradu mesa, [&hellip;]<\/p>\n","protected":false},"author":1,"featured_media":0,"parent":0,"menu_order":0,"comment_status":"closed","ping_status":"closed","template":"","meta":{"footnotes":""},"class_list":["post-882","page","type-page","status-publish","hentry"],"_links":{"self":[{"href":"http:\/\/mspvps.edu.ba\/index.php\/wp-json\/wp\/v2\/pages\/882","targetHints":{"allow":["GET"]}}],"collection":[{"href":"http:\/\/mspvps.edu.ba\/index.php\/wp-json\/wp\/v2\/pages"}],"about":[{"href":"http:\/\/mspvps.edu.ba\/index.php\/wp-json\/wp\/v2\/types\/page"}],"author":[{"embeddable":true,"href":"http:\/\/mspvps.edu.ba\/index.php\/wp-json\/wp\/v2\/users\/1"}],"replies":[{"embeddable":true,"href":"http:\/\/mspvps.edu.ba\/index.php\/wp-json\/wp\/v2\/comments?post=882"}],"version-history":[{"count":8,"href":"http:\/\/mspvps.edu.ba\/index.php\/wp-json\/wp\/v2\/pages\/882\/revisions"}],"predecessor-version":[{"id":1667,"href":"http:\/\/mspvps.edu.ba\/index.php\/wp-json\/wp\/v2\/pages\/882\/revisions\/1667"}],"wp:attachment":[{"href":"http:\/\/mspvps.edu.ba\/index.php\/wp-json\/wp\/v2\/media?parent=882"}],"curies":[{"name":"wp","href":"https:\/\/api.w.org\/{rel}","templated":true}]}}