{"id":880,"date":"2022-09-12T10:40:27","date_gmt":"2022-09-12T10:40:27","guid":{"rendered":"http:\/\/mspvps.edu.ba\/?page_id=880"},"modified":"2023-04-04T09:34:36","modified_gmt":"2023-04-04T07:34:36","slug":"vocar-vinogradar-vinar","status":"publish","type":"page","link":"http:\/\/mspvps.edu.ba\/index.php\/vocar-vinogradar-vinar\/","title":{"rendered":"Vo\u0107ar &#8211; vinogradar &#8211; vinar"},"content":{"rendered":"\n<p>U\u010denici \u0107e nau\u010diti sve o uzgoju vo\u0107a i vinove loze tako\u0111er i o procesu proizvodnje vina. Prakti\u010dna nastava se obavlja na \u0161kolskom poljoprivrednom dobru. Nakon obrazovanja mo\u017ee se zaposliti na poljoprivrednom dobru, vinariji ili pokrenuti vlastitu proizvodnju.<\/p>\n\n\n\n<figure class=\"wp-block-embed aligncenter is-type-video is-provider-youtube wp-block-embed-youtube wp-embed-aspect-16-9 wp-has-aspect-ratio\"><div class=\"wp-block-embed__wrapper\">\n<iframe title=\"Vo\u0107ar - vinogradar - vinar\" width=\"800\" height=\"450\" src=\"https:\/\/www.youtube.com\/embed\/CnHtidxU0A8?feature=oembed\" frameborder=\"0\" allow=\"accelerometer; autoplay; clipboard-write; encrypted-media; gyroscope; picture-in-picture; web-share\" allowfullscreen><\/iframe>\n<\/div><\/figure>\n","protected":false},"excerpt":{"rendered":"<p>U\u010denici \u0107e nau\u010diti sve o uzgoju vo\u0107a i vinove loze tako\u0111er i o procesu proizvodnje vina. Prakti\u010dna nastava se obavlja na \u0161kolskom poljoprivrednom dobru. Nakon obrazovanja mo\u017ee se zaposliti na poljoprivrednom dobru, vinariji ili pokrenuti vlastitu proizvodnju.<\/p>\n","protected":false},"author":1,"featured_media":0,"parent":0,"menu_order":0,"comment_status":"closed","ping_status":"closed","template":"","meta":{"footnotes":""},"class_list":["post-880","page","type-page","status-publish","hentry"],"_links":{"self":[{"href":"http:\/\/mspvps.edu.ba\/index.php\/wp-json\/wp\/v2\/pages\/880","targetHints":{"allow":["GET"]}}],"collection":[{"href":"http:\/\/mspvps.edu.ba\/index.php\/wp-json\/wp\/v2\/pages"}],"about":[{"href":"http:\/\/mspvps.edu.ba\/index.php\/wp-json\/wp\/v2\/types\/page"}],"author":[{"embeddable":true,"href":"http:\/\/mspvps.edu.ba\/index.php\/wp-json\/wp\/v2\/users\/1"}],"replies":[{"embeddable":true,"href":"http:\/\/mspvps.edu.ba\/index.php\/wp-json\/wp\/v2\/comments?post=880"}],"version-history":[{"count":3,"href":"http:\/\/mspvps.edu.ba\/index.php\/wp-json\/wp\/v2\/pages\/880\/revisions"}],"predecessor-version":[{"id":1663,"href":"http:\/\/mspvps.edu.ba\/index.php\/wp-json\/wp\/v2\/pages\/880\/revisions\/1663"}],"wp:attachment":[{"href":"http:\/\/mspvps.edu.ba\/index.php\/wp-json\/wp\/v2\/media?parent=880"}],"curies":[{"name":"wp","href":"https:\/\/api.w.org\/{rel}","templated":true}]}}