{"id":878,"date":"2022-09-12T10:40:06","date_gmt":"2022-09-12T10:40:06","guid":{"rendered":"http:\/\/mspvps.edu.ba\/?page_id=878"},"modified":"2023-03-31T10:09:59","modified_gmt":"2023-03-31T08:09:59","slug":"veterinarski-tehnicar","status":"publish","type":"page","link":"http:\/\/mspvps.edu.ba\/index.php\/veterinarski-tehnicar\/","title":{"rendered":"Veterinarski tehni\u010dar"},"content":{"rendered":"\n<p>Poslove veterinarske djelatnosti obavljaju veterinarski kadrovi visoko\u0161kolskog i srednjo\u0161kolskog obrazovanja.&nbsp;Srednjo\u0161kolski nivo obrazovanja stje\u010de se na osnovu nastavnih planova i programa, koji daju osnovna znanja i vje\u0161tine za poslove veterinarskog tehni\u010dara.&nbsp;Veterinarski tehni\u010dar samostalno obavlja poslove tehni\u010dke prirode kao \u0161to su: dezinfekcija, dezinsekcija, deratizacija, kontrola higijene, hranjenja, napajanja \u017eivotnija, pomaganje kod lje\u010denja, pomaganje kod hiru\u0161kih zahvata, sterilizaciju instrumenata i druge poslove prema nalogu doktora veterinarske medicine i prema pravilima struke.<\/p>\n\n\n\n<p>(U &nbsp;veterinarskim stanicama, ambulantama, klinikama, farmama i uzgojili\u0161tima \u017eivotnija, kao i drugim poslovima iz kompleksa sto\u010darstva i za\u0161tite \u010dovjekove okoline.)<\/p>\n\n\n\n<figure class=\"wp-block-image aligncenter size-full\"><img fetchpriority=\"high\" decoding=\"async\" width=\"1000\" height=\"1000\" src=\"http:\/\/mspvps.edu.ba\/wp-content\/uploads\/2023\/03\/Veterinarski-tehnicar-31.03.2023.jpg\" alt=\"\" class=\"wp-image-1620\" srcset=\"http:\/\/mspvps.edu.ba\/wp-content\/uploads\/2023\/03\/Veterinarski-tehnicar-31.03.2023.jpg 1000w, http:\/\/mspvps.edu.ba\/wp-content\/uploads\/2023\/03\/Veterinarski-tehnicar-31.03.2023-300x300.jpg 300w, http:\/\/mspvps.edu.ba\/wp-content\/uploads\/2023\/03\/Veterinarski-tehnicar-31.03.2023-150x150.jpg 150w, http:\/\/mspvps.edu.ba\/wp-content\/uploads\/2023\/03\/Veterinarski-tehnicar-31.03.2023-768x768.jpg 768w, http:\/\/mspvps.edu.ba\/wp-content\/uploads\/2023\/03\/Veterinarski-tehnicar-31.03.2023-256x256.jpg 256w\" sizes=\"(max-width: 1000px) 100vw, 1000px\" \/><\/figure>\n","protected":false},"excerpt":{"rendered":"<p>Poslove veterinarske djelatnosti obavljaju veterinarski kadrovi visoko\u0161kolskog i srednjo\u0161kolskog obrazovanja.&nbsp;Srednjo\u0161kolski nivo obrazovanja stje\u010de se na osnovu nastavnih planova i programa, koji daju osnovna znanja i vje\u0161tine za poslove veterinarskog tehni\u010dara.&nbsp;Veterinarski tehni\u010dar samostalno obavlja poslove tehni\u010dke prirode kao \u0161to su: dezinfekcija, dezinsekcija, deratizacija, kontrola higijene, hranjenja, napajanja \u017eivotnija, pomaganje kod lje\u010denja, pomaganje kod hiru\u0161kih zahvata, sterilizaciju [&hellip;]<\/p>\n","protected":false},"author":1,"featured_media":0,"parent":0,"menu_order":0,"comment_status":"closed","ping_status":"closed","template":"","meta":{"footnotes":""},"class_list":["post-878","page","type-page","status-publish","hentry"],"_links":{"self":[{"href":"http:\/\/mspvps.edu.ba\/index.php\/wp-json\/wp\/v2\/pages\/878","targetHints":{"allow":["GET"]}}],"collection":[{"href":"http:\/\/mspvps.edu.ba\/index.php\/wp-json\/wp\/v2\/pages"}],"about":[{"href":"http:\/\/mspvps.edu.ba\/index.php\/wp-json\/wp\/v2\/types\/page"}],"author":[{"embeddable":true,"href":"http:\/\/mspvps.edu.ba\/index.php\/wp-json\/wp\/v2\/users\/1"}],"replies":[{"embeddable":true,"href":"http:\/\/mspvps.edu.ba\/index.php\/wp-json\/wp\/v2\/comments?post=878"}],"version-history":[{"count":3,"href":"http:\/\/mspvps.edu.ba\/index.php\/wp-json\/wp\/v2\/pages\/878\/revisions"}],"predecessor-version":[{"id":1621,"href":"http:\/\/mspvps.edu.ba\/index.php\/wp-json\/wp\/v2\/pages\/878\/revisions\/1621"}],"wp:attachment":[{"href":"http:\/\/mspvps.edu.ba\/index.php\/wp-json\/wp\/v2\/media?parent=878"}],"curies":[{"name":"wp","href":"https:\/\/api.w.org\/{rel}","templated":true}]}}