{"id":868,"date":"2022-09-12T10:37:27","date_gmt":"2022-09-12T10:37:27","guid":{"rendered":"http:\/\/mspvps.edu.ba\/?page_id=868"},"modified":"2023-03-31T13:41:17","modified_gmt":"2023-03-31T11:41:17","slug":"mesar","status":"publish","type":"page","link":"http:\/\/mspvps.edu.ba\/index.php\/mesar\/","title":{"rendered":"Mesar"},"content":{"rendered":"\n<p>U\u010denici \u0107e nau\u010diti sve o mesu i tehnolo\u0161kom procesu proizvodnje prera\u0111evina od mesa. Prakti\u010dna nastava se obavlja u \u0161kolskoj radionici gdje imaju priliku da rade na najsavremenijoj opremi mesne industrije i privatnim mesnicama i klaonicama. Mesar se mo\u017ee zaposliti u mesari, mesnoj industriji ili pokrenuti vlastiti obrt.<\/p>\n\n\n\n<figure class=\"wp-block-image aligncenter size-full\"><img fetchpriority=\"high\" decoding=\"async\" width=\"1000\" height=\"1000\" src=\"http:\/\/mspvps.edu.ba\/wp-content\/uploads\/2023\/03\/Mesar-31.03.2023.jpg\" alt=\"\" class=\"wp-image-1628\" srcset=\"http:\/\/mspvps.edu.ba\/wp-content\/uploads\/2023\/03\/Mesar-31.03.2023.jpg 1000w, http:\/\/mspvps.edu.ba\/wp-content\/uploads\/2023\/03\/Mesar-31.03.2023-300x300.jpg 300w, http:\/\/mspvps.edu.ba\/wp-content\/uploads\/2023\/03\/Mesar-31.03.2023-150x150.jpg 150w, http:\/\/mspvps.edu.ba\/wp-content\/uploads\/2023\/03\/Mesar-31.03.2023-768x768.jpg 768w, http:\/\/mspvps.edu.ba\/wp-content\/uploads\/2023\/03\/Mesar-31.03.2023-256x256.jpg 256w\" sizes=\"(max-width: 1000px) 100vw, 1000px\" \/><\/figure>\n","protected":false},"excerpt":{"rendered":"<p>U\u010denici \u0107e nau\u010diti sve o mesu i tehnolo\u0161kom procesu proizvodnje prera\u0111evina od mesa. Prakti\u010dna nastava se obavlja u \u0161kolskoj radionici gdje imaju priliku da rade na najsavremenijoj opremi mesne industrije i privatnim mesnicama i klaonicama. Mesar se mo\u017ee zaposliti u mesari, mesnoj industriji ili pokrenuti vlastiti obrt.<\/p>\n","protected":false},"author":1,"featured_media":0,"parent":0,"menu_order":0,"comment_status":"closed","ping_status":"closed","template":"","meta":{"footnotes":""},"class_list":["post-868","page","type-page","status-publish","hentry"],"_links":{"self":[{"href":"http:\/\/mspvps.edu.ba\/index.php\/wp-json\/wp\/v2\/pages\/868","targetHints":{"allow":["GET"]}}],"collection":[{"href":"http:\/\/mspvps.edu.ba\/index.php\/wp-json\/wp\/v2\/pages"}],"about":[{"href":"http:\/\/mspvps.edu.ba\/index.php\/wp-json\/wp\/v2\/types\/page"}],"author":[{"embeddable":true,"href":"http:\/\/mspvps.edu.ba\/index.php\/wp-json\/wp\/v2\/users\/1"}],"replies":[{"embeddable":true,"href":"http:\/\/mspvps.edu.ba\/index.php\/wp-json\/wp\/v2\/comments?post=868"}],"version-history":[{"count":3,"href":"http:\/\/mspvps.edu.ba\/index.php\/wp-json\/wp\/v2\/pages\/868\/revisions"}],"predecessor-version":[{"id":1629,"href":"http:\/\/mspvps.edu.ba\/index.php\/wp-json\/wp\/v2\/pages\/868\/revisions\/1629"}],"wp:attachment":[{"href":"http:\/\/mspvps.edu.ba\/index.php\/wp-json\/wp\/v2\/media?parent=868"}],"curies":[{"name":"wp","href":"https:\/\/api.w.org\/{rel}","templated":true}]}}