{"id":864,"date":"2022-09-12T10:36:54","date_gmt":"2022-09-12T10:36:54","guid":{"rendered":"http:\/\/mspvps.edu.ba\/?page_id=864"},"modified":"2023-03-31T10:30:03","modified_gmt":"2023-03-31T08:30:03","slug":"frizer","status":"publish","type":"page","link":"http:\/\/mspvps.edu.ba\/index.php\/frizer\/","title":{"rendered":"Frizer"},"content":{"rendered":"\n<p>U\u010denici \u0107e nau\u010diti sve o njezi kose, bi\u0107e u toku najnovijih svjetskih trendova u \u0161i\u0161anju, farbanju, nadogradnji kose i pravljenju frizura. Prakti\u010dna nastava se obavlja u modernom \u0161kolskom salonu i privatnim salonima a nakon zavr\u0161etka obrazovanja mo\u017ee se zaposliti u nekom od salona ili otvoriti vlastiti.<\/p>\n\n\n\n<figure class=\"wp-block-image aligncenter size-full\"><img fetchpriority=\"high\" decoding=\"async\" width=\"1000\" height=\"1000\" src=\"http:\/\/mspvps.edu.ba\/wp-content\/uploads\/2023\/03\/Frizer-31.03.2023.jpg\" alt=\"\" class=\"wp-image-1626\" srcset=\"http:\/\/mspvps.edu.ba\/wp-content\/uploads\/2023\/03\/Frizer-31.03.2023.jpg 1000w, http:\/\/mspvps.edu.ba\/wp-content\/uploads\/2023\/03\/Frizer-31.03.2023-300x300.jpg 300w, http:\/\/mspvps.edu.ba\/wp-content\/uploads\/2023\/03\/Frizer-31.03.2023-150x150.jpg 150w, http:\/\/mspvps.edu.ba\/wp-content\/uploads\/2023\/03\/Frizer-31.03.2023-768x768.jpg 768w, http:\/\/mspvps.edu.ba\/wp-content\/uploads\/2023\/03\/Frizer-31.03.2023-256x256.jpg 256w\" sizes=\"(max-width: 1000px) 100vw, 1000px\" \/><\/figure>\n","protected":false},"excerpt":{"rendered":"<p>U\u010denici \u0107e nau\u010diti sve o njezi kose, bi\u0107e u toku najnovijih svjetskih trendova u \u0161i\u0161anju, farbanju, nadogradnji kose i pravljenju frizura. Prakti\u010dna nastava se obavlja u modernom \u0161kolskom salonu i privatnim salonima a nakon zavr\u0161etka obrazovanja mo\u017ee se zaposliti u nekom od salona ili otvoriti vlastiti.<\/p>\n","protected":false},"author":1,"featured_media":0,"parent":0,"menu_order":0,"comment_status":"closed","ping_status":"closed","template":"","meta":{"footnotes":""},"class_list":["post-864","page","type-page","status-publish","hentry"],"_links":{"self":[{"href":"http:\/\/mspvps.edu.ba\/index.php\/wp-json\/wp\/v2\/pages\/864","targetHints":{"allow":["GET"]}}],"collection":[{"href":"http:\/\/mspvps.edu.ba\/index.php\/wp-json\/wp\/v2\/pages"}],"about":[{"href":"http:\/\/mspvps.edu.ba\/index.php\/wp-json\/wp\/v2\/types\/page"}],"author":[{"embeddable":true,"href":"http:\/\/mspvps.edu.ba\/index.php\/wp-json\/wp\/v2\/users\/1"}],"replies":[{"embeddable":true,"href":"http:\/\/mspvps.edu.ba\/index.php\/wp-json\/wp\/v2\/comments?post=864"}],"version-history":[{"count":3,"href":"http:\/\/mspvps.edu.ba\/index.php\/wp-json\/wp\/v2\/pages\/864\/revisions"}],"predecessor-version":[{"id":1627,"href":"http:\/\/mspvps.edu.ba\/index.php\/wp-json\/wp\/v2\/pages\/864\/revisions\/1627"}],"wp:attachment":[{"href":"http:\/\/mspvps.edu.ba\/index.php\/wp-json\/wp\/v2\/media?parent=864"}],"curies":[{"name":"wp","href":"https:\/\/api.w.org\/{rel}","templated":true}]}}