{"id":860,"date":"2022-09-12T10:36:26","date_gmt":"2022-09-12T10:36:26","guid":{"rendered":"http:\/\/mspvps.edu.ba\/?page_id=860"},"modified":"2023-05-16T20:10:48","modified_gmt":"2023-05-16T18:10:48","slug":"farmer","status":"publish","type":"page","link":"http:\/\/mspvps.edu.ba\/index.php\/farmer\/","title":{"rendered":"Farmer"},"content":{"rendered":"\n<p>U\u010denici \u0107e nau\u010diti o&nbsp;anatomiji i fiziologiji doma\u0107ih&nbsp;\u017eivotinja te uzgoju i ishrani pre\u017eivara i nepre\u017eivara. Savladat&nbsp;\u0107e kori\u0161tenje poljoprivredne mehanizacije i proizvodnju hrane za doma\u0107e \u017eivotinje. Prakti\u010dna nastava se obavlja na \u0161kolskom poljoprivrednom dobru i&nbsp; privatnim farmama. Farmer se mo\u017ee zaposliti na farmama doma\u0107ih \u017eivotinja i ergelama za uzgoj konja ili pokrenuti vlastiti biznis.<\/p>\n\n\n\n<figure class=\"wp-block-embed is-type-video is-provider-youtube wp-block-embed-youtube wp-embed-aspect-16-9 wp-has-aspect-ratio\"><div class=\"wp-block-embed__wrapper\">\n<iframe title=\"Farmer\" width=\"800\" height=\"450\" src=\"https:\/\/www.youtube.com\/embed\/lirreWtDkiE?feature=oembed\" frameborder=\"0\" allow=\"accelerometer; autoplay; clipboard-write; encrypted-media; gyroscope; picture-in-picture; web-share\" allowfullscreen><\/iframe>\n<\/div><\/figure>\n","protected":false},"excerpt":{"rendered":"<p>U\u010denici \u0107e nau\u010diti o&nbsp;anatomiji i fiziologiji doma\u0107ih&nbsp;\u017eivotinja te uzgoju i ishrani pre\u017eivara i nepre\u017eivara. Savladat&nbsp;\u0107e kori\u0161tenje poljoprivredne mehanizacije i proizvodnju hrane za doma\u0107e \u017eivotinje. Prakti\u010dna nastava se obavlja na \u0161kolskom poljoprivrednom dobru i&nbsp; privatnim farmama. Farmer se mo\u017ee zaposliti na farmama doma\u0107ih \u017eivotinja i ergelama za uzgoj konja ili pokrenuti vlastiti biznis.<\/p>\n","protected":false},"author":1,"featured_media":0,"parent":0,"menu_order":0,"comment_status":"closed","ping_status":"closed","template":"","meta":{"footnotes":""},"class_list":["post-860","page","type-page","status-publish","hentry"],"_links":{"self":[{"href":"http:\/\/mspvps.edu.ba\/index.php\/wp-json\/wp\/v2\/pages\/860","targetHints":{"allow":["GET"]}}],"collection":[{"href":"http:\/\/mspvps.edu.ba\/index.php\/wp-json\/wp\/v2\/pages"}],"about":[{"href":"http:\/\/mspvps.edu.ba\/index.php\/wp-json\/wp\/v2\/types\/page"}],"author":[{"embeddable":true,"href":"http:\/\/mspvps.edu.ba\/index.php\/wp-json\/wp\/v2\/users\/1"}],"replies":[{"embeddable":true,"href":"http:\/\/mspvps.edu.ba\/index.php\/wp-json\/wp\/v2\/comments?post=860"}],"version-history":[{"count":3,"href":"http:\/\/mspvps.edu.ba\/index.php\/wp-json\/wp\/v2\/pages\/860\/revisions"}],"predecessor-version":[{"id":1766,"href":"http:\/\/mspvps.edu.ba\/index.php\/wp-json\/wp\/v2\/pages\/860\/revisions\/1766"}],"wp:attachment":[{"href":"http:\/\/mspvps.edu.ba\/index.php\/wp-json\/wp\/v2\/media?parent=860"}],"curies":[{"name":"wp","href":"https:\/\/api.w.org\/{rel}","templated":true}]}}