{"id":652,"date":"2022-08-04T17:11:21","date_gmt":"2022-08-04T17:11:21","guid":{"rendered":"http:\/\/mspvps.edu.ba\/?page_id=652"},"modified":"2025-12-11T20:52:07","modified_gmt":"2025-12-11T19:52:07","slug":"o-nama","status":"publish","type":"page","link":"http:\/\/mspvps.edu.ba\/index.php\/o-nama\/","title":{"rendered":"O nama"},"content":{"rendered":"\n<p class=\"has-text-align-center\"><strong>JU SREDNJA \u0160KOLA POLJOPRIVREDE, PREHRANE, VETERINE I USLU\u017dNIH DJELATNOSTI SARAJEVO<\/strong><\/p>\n\n\n\n<p class=\"has-text-align-center\"><strong>Vrsta ustanove:&nbsp;<\/strong>Javna srednja \u0161kola<\/p>\n\n\n\n<p class=\"has-text-align-center\"><strong>Op\u0107ina:&nbsp;<\/strong>Stari Grad<\/p>\n\n\n\n<p class=\"has-text-align-center\"><strong>Adresa:&nbsp;<\/strong>Hamdije Kre\u0161evljakovi\u0107a br. 55<\/p>\n\n\n\n<p class=\"has-text-align-center\"><strong>Telefon:&nbsp;<\/strong>033 262 900<\/p>\n\n\n\n<p class=\"has-text-align-center\"><strong>Email:&nbsp;<\/strong>mspvps@mspvps.edu.ba<\/p>\n\n\n\n<p class=\"has-text-align-center\"><strong>Web stranica:&nbsp;<\/strong><a href=\"http:\/\/www.mspvps.edu.ba\/\">www.mspvps.edu.ba<\/a><\/p>\n\n\n\n<p class=\"has-text-align-center\"><strong>ID BROJ<\/strong>:&nbsp;4200377840007<\/p>\n\n\n\n<figure class=\"wp-block-image aligncenter size-large\"><img fetchpriority=\"high\" decoding=\"async\" width=\"1024\" height=\"576\" src=\"http:\/\/mspvps.edu.ba\/wp-content\/uploads\/2025\/10\/558863854-1155648050082905-8703258245443027904-n-1024x576.jpg\" alt=\"\" class=\"wp-image-3386\" srcset=\"http:\/\/mspvps.edu.ba\/wp-content\/uploads\/2025\/10\/558863854-1155648050082905-8703258245443027904-n-1024x576.jpg 1024w, http:\/\/mspvps.edu.ba\/wp-content\/uploads\/2025\/10\/558863854-1155648050082905-8703258245443027904-n-300x169.jpg 300w, http:\/\/mspvps.edu.ba\/wp-content\/uploads\/2025\/10\/558863854-1155648050082905-8703258245443027904-n-768x432.jpg 768w, http:\/\/mspvps.edu.ba\/wp-content\/uploads\/2025\/10\/558863854-1155648050082905-8703258245443027904-n.jpg 1180w\" sizes=\"(max-width: 1024px) 100vw, 1024px\" \/><\/figure>\n","protected":false},"excerpt":{"rendered":"<p>JU SREDNJA \u0160KOLA POLJOPRIVREDE, PREHRANE, VETERINE I USLU\u017dNIH DJELATNOSTI SARAJEVO Vrsta ustanove:&nbsp;Javna srednja \u0161kola Op\u0107ina:&nbsp;Stari Grad Adresa:&nbsp;Hamdije Kre\u0161evljakovi\u0107a br. 55 Telefon:&nbsp;033 262 900 Email:&nbsp;mspvps@mspvps.edu.ba Web stranica:&nbsp;www.mspvps.edu.ba ID BROJ:&nbsp;4200377840007<\/p>\n","protected":false},"author":1,"featured_media":0,"parent":0,"menu_order":0,"comment_status":"closed","ping_status":"closed","template":"","meta":{"footnotes":""},"class_list":["post-652","page","type-page","status-publish","hentry"],"_links":{"self":[{"href":"http:\/\/mspvps.edu.ba\/index.php\/wp-json\/wp\/v2\/pages\/652","targetHints":{"allow":["GET"]}}],"collection":[{"href":"http:\/\/mspvps.edu.ba\/index.php\/wp-json\/wp\/v2\/pages"}],"about":[{"href":"http:\/\/mspvps.edu.ba\/index.php\/wp-json\/wp\/v2\/types\/page"}],"author":[{"embeddable":true,"href":"http:\/\/mspvps.edu.ba\/index.php\/wp-json\/wp\/v2\/users\/1"}],"replies":[{"embeddable":true,"href":"http:\/\/mspvps.edu.ba\/index.php\/wp-json\/wp\/v2\/comments?post=652"}],"version-history":[{"count":3,"href":"http:\/\/mspvps.edu.ba\/index.php\/wp-json\/wp\/v2\/pages\/652\/revisions"}],"predecessor-version":[{"id":3485,"href":"http:\/\/mspvps.edu.ba\/index.php\/wp-json\/wp\/v2\/pages\/652\/revisions\/3485"}],"wp:attachment":[{"href":"http:\/\/mspvps.edu.ba\/index.php\/wp-json\/wp\/v2\/media?parent=652"}],"curies":[{"name":"wp","href":"https:\/\/api.w.org\/{rel}","templated":true}]}}