{"id":3525,"date":"2026-02-01T19:54:49","date_gmt":"2026-02-01T18:54:49","guid":{"rendered":"http:\/\/mspvps.edu.ba\/?page_id=3525"},"modified":"2026-02-01T20:11:41","modified_gmt":"2026-02-01T19:11:41","slug":"uposlenici","status":"publish","type":"page","link":"http:\/\/mspvps.edu.ba\/index.php\/uposlenici\/","title":{"rendered":"Uposlenici"},"content":{"rendered":"\n<p><strong>Direktorica:<\/strong><\/p>\n\n\n\n<ul class=\"wp-block-list\">\n<li>\u010cehi\u0107 Amela<\/li>\n<\/ul>\n\n\n\n<p><strong>Sekretar\/pravnica:<\/strong><\/p>\n\n\n\n<ul class=\"wp-block-list\">\n<li>Ahmethod\u017ei\u0107 Nejla<\/li>\n<\/ul>\n\n\n\n<p><strong>Administrativno-finansijska slu\u017eba:<\/strong><\/p>\n\n\n\n<ul class=\"wp-block-list\">\n<li>Rabihi\u0107 Asmira<\/li>\n\n\n\n<li>Maslo Fatima<\/li>\n<\/ul>\n\n\n\n<p><strong>Stru\u010dni saradnici:<\/strong><\/p>\n\n\n\n<ul class=\"wp-block-list\">\n<li>Hamamd\u017ei\u0107 Meriha<\/li>\n\n\n\n<li>Krupalija Senada<\/li>\n\n\n\n<li>\u010cau\u0161evi\u0107 Nejira<\/li>\n\n\n\n<li>\u0106erimagi\u0107 Lamija<\/li>\n<\/ul>\n\n\n\n<p><strong>Nastavnici:<\/strong><\/p>\n\n\n\n<ul class=\"wp-block-list\">\n<li>Ala\u0111uz Merhanisa<\/li>\n\n\n\n<li>Alikadi\u0107 Merima<\/li>\n\n\n\n<li>Ali\u0107 Meliha<\/li>\n\n\n\n<li>Ali\u0107 Suad<\/li>\n\n\n\n<li>Ali\u010di\u0107 Suvada<\/li>\n\n\n\n<li>Backovi\u0107 Humica<\/li>\n\n\n\n<li>Bajramovi\u0107 Sabahudin<\/li>\n\n\n\n<li>Bakal Eldina<\/li>\n\n\n\n<li>Bali\u0107 Emina<\/li>\n\n\n\n<li>Ba\u010dinovi\u0107 \u2013 Duri\u0107 Vildana<\/li>\n\n\n\n<li>Ba\u0161i\u0107 Nijaz<\/li>\n\n\n\n<li>Ba\u0161i\u0107 Sabina<\/li>\n\n\n\n<li>Ba\u017edar\u2013Tarahija Meliha<\/li>\n\n\n\n<li>Begi\u0107 Zulka<\/li>\n\n\n\n<li>Begovi\u0107 Lejla<\/li>\n\n\n\n<li>Be\u0161irovi\u0107 Supha<\/li>\n\n\n\n<li>Be\u0161i\u0107 Fikreta<\/li>\n\n\n\n<li>Bo\u0161njak Ranka<\/li>\n\n\n\n<li>Dedi\u0107 Amra<\/li>\n\n\n\n<li>Deliba\u0161i\u0107 Elma<\/li>\n\n\n\n<li>Destanovi\u0107 Sanja<\/li>\n\n\n\n<li>Duratbegovi\u0107 Aida<\/li>\n\n\n\n<li>D\u017eananovi\u0107 Sabina<\/li>\n\n\n\n<li>Elezovi\u0107 Minela<\/li>\n\n\n\n<li>Fazlagi\u0107 Amela<\/li>\n\n\n\n<li>Grebovi\u0107 Nerma<\/li>\n\n\n\n<li>Had\u017ei\u0107 Adnana<\/li>\n\n\n\n<li>Halebi\u0107 Aida<\/li>\n\n\n\n<li>Ha\u0161imbegovi\u0107 Lejla<\/li>\n\n\n\n<li>Hebib Berina<\/li>\n\n\n\n<li>Hod\u017ei\u0107 Aida<\/li>\n\n\n\n<li>Hod\u017ei\u0107 Ibro<\/li>\n\n\n\n<li>Holjan Arnela<\/li>\n\n\n\n<li>Huseinbegovi\u0107 Sabina<\/li>\n\n\n\n<li>Idrizovi\u0107 Muhidin<\/li>\n\n\n\n<li>Isanovi\u0107 Mirzet<\/li>\n\n\n\n<li>Jele\u010d Imamovi\u0107 Razija<\/li>\n\n\n\n<li>Jesenkovi\u0107 Nevzeta<\/li>\n\n\n\n<li>Junuzovi\u0107 Arijana<\/li>\n\n\n\n<li>Jupi\u0107 Vedad<\/li>\n\n\n\n<li>Kadi\u0107 Mevlada<\/li>\n\n\n\n<li>Kali\u0107 Ahmedin<\/li>\n\n\n\n<li>Kapetanovi\u0107 Irma<\/li>\n\n\n\n<li>Kari\u0107 Suada<\/li>\n\n\n\n<li>Kos Boris<\/li>\n\n\n\n<li>Kotro\u0161an Gordana<\/li>\n\n\n\n<li>Kova\u010devi\u0107 Josip<\/li>\n\n\n\n<li>Kujovi\u0107 Samir<\/li>\n\n\n\n<li>Kulovac Nejra<\/li>\n\n\n\n<li>Kurtovi\u0107 Sadeta<\/li>\n\n\n\n<li>Memi\u0107 Ena<\/li>\n\n\n\n<li>Mori\u0107 Sabina<\/li>\n\n\n\n<li>Muharemovi\u0107 Enisa<\/li>\n\n\n\n<li>Mujanovi\u0107 Ajdin<\/li>\n\n\n\n<li>Mulali\u0107 Selma<\/li>\n\n\n\n<li>Muli\u0107 Elbasa<\/li>\n\n\n\n<li>Muminagi\u0107 Kenan<\/li>\n\n\n\n<li>Muminovi\u0107 Kari\u0107 Elvira<\/li>\n\n\n\n<li>Pa\u0161ali\u0107 Ada<\/li>\n\n\n\n<li>Popovi\u0107 Maja<\/li>\n\n\n\n<li>Pu\u0161ina Amela<\/li>\n\n\n\n<li>Salihagi\u0107 Admir<\/li>\n\n\n\n<li>Smaji\u0107 Lerina<\/li>\n\n\n\n<li>Smajlovi\u0107 Medina<\/li>\n\n\n\n<li>Softi\u0107 Musi\u0107 Amra<\/li>\n\n\n\n<li>Tabakovi\u0107 Amar<\/li>\n\n\n\n<li>Trepalovac Ismeta<\/li>\n\n\n\n<li>Velagi\u0107 Seada<\/li>\n\n\n\n<li>Vili\u0107 Samir<\/li>\n\n\n\n<li>Voloder Mustafa<\/li>\n\n\n\n<li>\u0106erimagi\u0107 Amira<\/li>\n\n\n\n<li>\u0106osibegovi\u0107 Re\u0161id<\/li>\n\n\n\n<li>\u010cengi\u0107 Adnana<\/li>\n\n\n\n<li>\u010cengi\u0107 Nevenko<\/li>\n\n\n\n<li>\u0160abeta Alma<\/li>\n\n\n\n<li>\u0160ap\u010danin\u2013Tabakovi\u0107 Vildana<\/li>\n\n\n\n<li>\u0160ehovi\u0107 Almira<\/li>\n\n\n\n<li>\u0160iljak Mersad<\/li>\n\n\n\n<li>\u0160ljivo Ali\u0107 Amna<br><br><strong>Radnice na odr\u017eavanju higijene<\/strong><\/li>\n\n\n\n<li>Isanovi\u0107 Elma<\/li>\n\n\n\n<li>Me\u0161inovi\u0107 Alija<\/li>\n\n\n\n<li>Mujezin Fata<\/li>\n\n\n\n<li>Ogle\u010devac Zijada<\/li>\n\n\n\n<li>Sloboda Amila <\/li>\n\n\n\n<li>\u0160abanovi\u0107 Sehija<\/li>\n\n\n\n<li>Smajlovi\u0107 Lejla <br><br><strong>Dnevni \u010duvar zadu\u017een za sigurnost<\/strong><\/li>\n\n\n\n<li>\u010cehaji\u0107 Alma<\/li>\n\n\n\n<li>Cviko Admira<br><br><strong>Radnik za servisno\u2011tehni\u010dku podr\u0161ku<\/strong><\/li>\n\n\n\n<li>Dizdarevi\u0107 Amir<\/li>\n\n\n\n<li>Ljub\u010di\u0107 Ibro<\/li>\n<\/ul>\n\n\n\n<p><strong>\u0160kolski odbor:<\/strong><\/p>\n\n\n\n<ul class=\"wp-block-list\">\n<li>Sahrudin Saraj\u010di\u0107<\/li>\n\n\n\n<li>Smaji\u0107 Emina<\/li>\n\n\n\n<li>\u010cengi\u0107 Adnana<\/li>\n\n\n\n<li>Alibegovi\u0107 Alen<\/li>\n<\/ul>\n\n\n\n<p><\/p>\n","protected":false},"excerpt":{"rendered":"<p>Direktorica: Sekretar\/pravnica: Administrativno-finansijska slu\u017eba: Stru\u010dni saradnici: Nastavnici: \u0160kolski odbor:<\/p>\n","protected":false},"author":1,"featured_media":0,"parent":0,"menu_order":0,"comment_status":"closed","ping_status":"closed","template":"","meta":{"footnotes":""},"class_list":["post-3525","page","type-page","status-publish","hentry"],"_links":{"self":[{"href":"http:\/\/mspvps.edu.ba\/index.php\/wp-json\/wp\/v2\/pages\/3525","targetHints":{"allow":["GET"]}}],"collection":[{"href":"http:\/\/mspvps.edu.ba\/index.php\/wp-json\/wp\/v2\/pages"}],"about":[{"href":"http:\/\/mspvps.edu.ba\/index.php\/wp-json\/wp\/v2\/types\/page"}],"author":[{"embeddable":true,"href":"http:\/\/mspvps.edu.ba\/index.php\/wp-json\/wp\/v2\/users\/1"}],"replies":[{"embeddable":true,"href":"http:\/\/mspvps.edu.ba\/index.php\/wp-json\/wp\/v2\/comments?post=3525"}],"version-history":[{"count":4,"href":"http:\/\/mspvps.edu.ba\/index.php\/wp-json\/wp\/v2\/pages\/3525\/revisions"}],"predecessor-version":[{"id":3531,"href":"http:\/\/mspvps.edu.ba\/index.php\/wp-json\/wp\/v2\/pages\/3525\/revisions\/3531"}],"wp:attachment":[{"href":"http:\/\/mspvps.edu.ba\/index.php\/wp-json\/wp\/v2\/media?parent=3525"}],"curies":[{"name":"wp","href":"https:\/\/api.w.org\/{rel}","templated":true}]}}